{"id":13,"date":"2025-04-22T21:09:10","date_gmt":"2025-04-22T21:09:10","guid":{"rendered":"http:\/\/localhost\/wordpress\/?page_id=6"},"modified":"2026-01-07T15:06:04","modified_gmt":"2026-01-07T21:06:04","slug":"articulos-de-fe","status":"publish","type":"page","link":"https:\/\/institutodavid.com\/index.php\/articulos-de-fe\/","title":{"rendered":"Articulos de Fe"},"content":{"rendered":"\n<p><strong>Dios:<\/strong> Creemos que hay un Dios viviente, Hacedor y Arbitro Supremo del Cielo y de la tierra, y que en la unidad de la Divinidad existen tres personas que son el Padre, el Hijo, y el Esp\u00edritu Santo, iguales en toda perfecci\u00f3n, uno en ser y esencia, pero desempe\u00f1ando oficios distintos. (I Juan 2:18, I Timoteo 2:5).<\/p>\n\n\n\n<p><strong>La Biblia:<\/strong> Creemos que la Biblia es la Palabra de Dios verbalmente inspirada y que es la \u00fanica regla de fe y practica del verdadero cristiano (II Timoteo 3:16, II Pedro 1:20-21).<\/p>\n\n\n\n<p><strong>La Ca\u00edda del Hombre:<\/strong> Creemos que el hombre fue creado en santidad, sujeto a la Ley del Creador con libre albedrio, pero por transgresi\u00f3n voluntaria cayo de su estado perfecto, por cuya causa todo genero humano es ahora pecador, y por lo mismo bajo la misma condenaci\u00f3n (Romanos 3:10-19, Efesios 2:1-3, G\u00e9nesis 3:1-8).<\/p>\n\n\n\n<p><strong>Jes\u00fas el Hijo de Dios:<\/strong> Creemos que nuestro Se\u00f1or Jesucristo fue engendrado por obra del Esp\u00edritu Santo y nacido de la virgen Mar\u00eda y que como el Unig\u00e9nito Hijo de Dios, cumpli\u00f3 la Ley en obediencia perfecta, y pago la terrible pena del pecado, sufriendo la cruz por el pecador, siendo levantado de entre los muertos, ascendi\u00f3 y se sent\u00f3 a la diestra de Dios e intercede por los suyos (I Pedro 1:18-19, Hebreos 9:12-22, Hebreos 10:10-12).<\/p>\n\n\n\n<p><strong>La Salvaci\u00f3n por la Gracia:<\/strong> Creemos que la salvaci\u00f3n es gratuita para todos, por gracia, por medio de la fe, y no depende de buenas obras, sino por la obra de Cristo en la cruz (Efesios 2:8-9, Juan 1:12, Romanos 10:9-10).<\/p>\n\n\n\n<p><strong>La Regeneraci\u00f3n:<\/strong> Creemos que la regeneraci\u00f3n es un nacimiento nuevo y es obra de El Esp\u00edritu Santo en el coraz\u00f3n del hombre (Juan 3:7, Santiago 1:18, I Juan 5:1).<\/p>\n\n\n\n<p><strong>El Arrepentimiento y la Fe:<\/strong> Creemos que estos son requisitos indispensables para la salvaci\u00f3n; que son la obra del Esp\u00edritu Santo en el coraz\u00f3n; y que por medio de ellos el pecador convicto y contrito vuelve a Dios y reconoce a Cristo como su Salvador personal (Hechos 3:19, Juan 3:16).<\/p>\n\n\n\n<p><strong>La Iglesia:<\/strong> Creemos en la iglesia local y la Iglesia Universal. LA primera se refiere a la iglesia en cualquier lugar particular. Como, \u201cla iglesia en Corinto\u201d (I Corintios 1:12) y consiste en una congregaci\u00f3n de creyentes bautizados cuya cabeza es Jesucristo (Efesios 5:23). LA iglesia universal es la que se encuentre en todas partes (I Corintios 1:2). Es pues, todos los creyentes que est\u00e1n en todos los pa\u00edses del mundo (Apocalipsis 7:9).<\/p>\n\n\n\n<p><strong>Las Ordenanzas:<\/strong> Creemos que las ordenanzas, el bautismo por inmersi\u00f3n para los creyentes y la cena del Se\u00f1or como s\u00edmbolo, se deben practicar hasta la venida de Cristo, como lo ense\u00f1a la Biblia (Mateo 28:19-20, I Corintios 11:23-26, Marcos 14:22-25).<\/p>\n\n\n\n<p><strong>La Segunda Venida de Cristo:<\/strong> Creemos que Cristo vendr\u00e1 en el aire por Su Iglesia antes de la Gran Tribulaci\u00f3n y despu\u00e9s vendr\u00e1 con Su Iglesia para establecer Su reino milenial (I Tes. 4:13-18, Apoc 19:1-14, Apoc 20:6).<\/p>\n","protected":false},"excerpt":{"rendered":"<p>Dios: Creemos que hay un Dios viviente, Hacedor y Arbitro Supremo del Cielo y de la tierra, y que en la unidad de la Divinidad existen tres personas que son el Padre, el Hijo, y el Esp\u00edritu Santo, iguales en toda perfecci\u00f3n, uno en ser y esencia, pero desempe\u00f1ando oficios distintos. (I Juan 2:18, I &hellip; <\/p>\n<p class=\"link-more\"><a href=\"https:\/\/institutodavid.com\/index.php\/articulos-de-fe\/\" class=\"more-link\">Leer m\u00e1s<span class=\"screen-reader-text\"> \u00abArticulos de Fe\u00bb<\/span><\/a><\/p>\n","protected":false},"author":2,"featured_media":0,"parent":0,"menu_order":0,"comment_status":"closed","ping_status":"closed","template":"","meta":{"_themeisle_gutenberg_block_has_review":false,"inspiro_hide_title":false,"footnotes":""},"class_list":["post-13","page","type-page","status-publish","hentry"],"_links":{"self":[{"href":"https:\/\/institutodavid.com\/index.php\/wp-json\/wp\/v2\/pages\/13","targetHints":{"allow":["GET"]}}],"collection":[{"href":"https:\/\/institutodavid.com\/index.php\/wp-json\/wp\/v2\/pages"}],"about":[{"href":"https:\/\/institutodavid.com\/index.php\/wp-json\/wp\/v2\/types\/page"}],"author":[{"embeddable":true,"href":"https:\/\/institutodavid.com\/index.php\/wp-json\/wp\/v2\/users\/2"}],"replies":[{"embeddable":true,"href":"https:\/\/institutodavid.com\/index.php\/wp-json\/wp\/v2\/comments?post=13"}],"version-history":[{"count":1,"href":"https:\/\/institutodavid.com\/index.php\/wp-json\/wp\/v2\/pages\/13\/revisions"}],"predecessor-version":[{"id":317,"href":"https:\/\/institutodavid.com\/index.php\/wp-json\/wp\/v2\/pages\/13\/revisions\/317"}],"wp:attachment":[{"href":"https:\/\/institutodavid.com\/index.php\/wp-json\/wp\/v2\/media?parent=13"}],"curies":[{"name":"wp","href":"https:\/\/api.w.org\/{rel}","templated":true}]}}